{"id":352,"date":"2016-08-07T06:08:00","date_gmt":"2016-08-07T06:08:00","guid":{"rendered":"https:\/\/212.51.210.187\/wordpress\/event\/?page_id=2"},"modified":"2023-06-14T14:32:39","modified_gmt":"2023-06-14T12:32:39","slug":"sample-page-2","status":"publish","type":"page","link":"https:\/\/onpp.p.lodz.pl\/?page_id=352","title":{"rendered":"Idea Seminarium"},"content":{"rendered":"\n<p>VII Seminarium z cyklu \u201eOtwieranie Nauki: Praktyka i Perspektywy\u201d odb\u0119dzie si\u0119 w tym roku pod has\u0142em \u201eWarto\u015b\u0107 Open Science\u201d. Wydarzenie wsp\u00f3\u0142organizuj\u0105 z firm\u0105 Elsevier trzy \u0142\u00f3dzkie biblioteki akademickie:&nbsp;Centrum Informacyjno-Biblioteczne Uniwersytetu Medycznego w \u0141odzi, Biblioteka Politechniki \u0141\u00f3dzkiej i Biblioteka Uniwersytetu \u0141\u00f3dzkiego, co zapewni uczestnikom nie tylko r\u00f3\u017cnorodno\u015b\u0107 przestrzeni, ale przede wszystkim wielo\u015b\u0107 perspektyw. Tegoroczny program dostarczy jak zwykle praktycznych wskaz\u00f3wek i materia\u0142\u00f3w edukacyjnych dla \u015brodowiska naukowego i wszystkich zainteresowanych Otwart\u0105 Nauk\u0105 w wielu jej wymiarach, a tak\u017ce pozwoli spojrze\u0107 na istotne kwestie zwi\u0105zane z publikowaniem, zarz\u0105dzaniem danymi badawczymi i wsp\u00f3\u0142prac\u0105 ze \u015brodowiskami pozanaukowymi z punktu widzenia uczelni o profilu og\u00f3lnym, technicznym i medycznym.<\/p>\n\n\n\n<p>Has\u0142o \u201eWarto\u015b\u0107 Open Science\u201d kryje w sobie nie tylko zagadnienia istotne dla \u015brodowiska naukowego \u2013 podkre\u015bla rol\u0119 Otwartej Nauki w kszta\u0142towaniu \u015bwiata i jej wp\u0142yw na spo\u0142ecze\u0144stwo. VII Seminarium ONPP skupia si\u0119 na czterech g\u0142\u00f3wnych blokach tematycznych:<\/p>\n\n\n\n<p>1. Polityki publikacyjne uczelni: dobre praktyki i rekomendacje, ewaluacja a Otwarta Nauka, znaczenie Otwartej Nauki w ocenie pracownik\u00f3w naukowych, kryteria ilo\u015bciowe i jako\u015bciowe w strategiach publikacyjnych uczelni, polityki publikacyjne a polityki otwarto\u015bci.<\/p>\n\n\n\n<p>2. Open Access i modele publikacyjne: modele otwartego dost\u0119pu, programy publikowania otwartego, koszty publikowania, etyka i tzw. drapie\u017cne praktyki publikacyjne.<\/p>\n\n\n\n<p>3. Otwarte dane naukowe: zarz\u0105dzanie danymi badawczymi, rola bibliotek i data steward\u00f3w w zarz\u0105dzaniu danymi, wp\u0142yw otwartych danych rozw\u00f3j nauki, modele publikowania danych (repozytoria, data journals).<\/p>\n\n\n\n<p>4. Warto\u015b\u0107 Open Science: wp\u0142yw spo\u0142eczny nauki i jego mierzalno\u015b\u0107, Cele Zr\u00f3wnowa\u017conego Rozwoju (SDGs), relacje nauki i biznesu, warto\u015b\u0107 Otwartej Nauki dla ka\u017cdego.<\/p>\n\n\n\n<p>Obradom i dyskusjom b\u0119d\u0105 towarzyszy\u0142y warsztaty prowadzone przez lider\u00f3w i praktyk\u00f3w Open Science.<\/p>\n","protected":false},"excerpt":{"rendered":"<p>\t\t\t\t<![CDATA[]]>\t\t<\/p>\n","protected":false},"author":1,"featured_media":0,"parent":357,"menu_order":0,"comment_status":"closed","ping_status":"open","template":"","meta":{"footnotes":""},"class_list":["post-352","page","type-page","status-publish","hentry"],"_links":{"self":[{"href":"https:\/\/onpp.p.lodz.pl\/index.php?rest_route=\/wp\/v2\/pages\/352","targetHints":{"allow":["GET"]}}],"collection":[{"href":"https:\/\/onpp.p.lodz.pl\/index.php?rest_route=\/wp\/v2\/pages"}],"about":[{"href":"https:\/\/onpp.p.lodz.pl\/index.php?rest_route=\/wp\/v2\/types\/page"}],"author":[{"embeddable":true,"href":"https:\/\/onpp.p.lodz.pl\/index.php?rest_route=\/wp\/v2\/users\/1"}],"replies":[{"embeddable":true,"href":"https:\/\/onpp.p.lodz.pl\/index.php?rest_route=%2Fwp%2Fv2%2Fcomments&post=352"}],"version-history":[{"count":9,"href":"https:\/\/onpp.p.lodz.pl\/index.php?rest_route=\/wp\/v2\/pages\/352\/revisions"}],"predecessor-version":[{"id":3580,"href":"https:\/\/onpp.p.lodz.pl\/index.php?rest_route=\/wp\/v2\/pages\/352\/revisions\/3580"}],"up":[{"embeddable":true,"href":"https:\/\/onpp.p.lodz.pl\/index.php?rest_route=\/wp\/v2\/pages\/357"}],"wp:attachment":[{"href":"https:\/\/onpp.p.lodz.pl\/index.php?rest_route=%2Fwp%2Fv2%2Fmedia&parent=352"}],"curies":[{"name":"wp","href":"https:\/\/api.w.org\/{rel}","templated":true}]}}