{"id":3553,"date":"2023-06-12T21:42:49","date_gmt":"2023-06-12T19:42:49","guid":{"rendered":"https:\/\/onpp.p.lodz.pl\/?page_id=3553"},"modified":"2023-10-06T11:59:30","modified_gmt":"2023-10-06T09:59:30","slug":"wystapienia-3-minutowe","status":"publish","type":"page","link":"https:\/\/onpp.p.lodz.pl\/?page_id=3553","title":{"rendered":"Wyst\u0105pienia 3-minutowe"},"content":{"rendered":"\n<p>Trzy minuty i ani sekundy&nbsp;d\u0142u\u017cej! Taki czas musi&nbsp;wystarczy\u0107, aby zaprezentowa\u0107&nbsp;sw\u00f3j pomys\u0142, wyg\u0142osi\u0107 tez\u0119&nbsp;i&nbsp;poprze\u0107 j\u0105 argumentami czy przedstawi\u0107 prezentacj\u0119 ze slajdami.&nbsp;Zapraszamy do wzi\u0119cia udzia\u0142u w 3-minutowych&nbsp;sesjach.&nbsp;<\/p>\n\n\n\n<p>Nie od dzi\u015b wiadomo, \u017ce najwa\u017cniejsze jest pierwsze wra\u017cenie.&nbsp;Dlatego&nbsp;uczestnicy 3-minutowych&nbsp;sesji&nbsp;powinni&nbsp;postara\u0107&nbsp;si\u0119 jak najpe\u0142niej wykorzysta\u0107&nbsp;szans\u0119&nbsp;na&nbsp;przykucie&nbsp;uwagi&nbsp;s\u0142uchaczy&nbsp;w&nbsp;czasie,&nbsp;gdy&nbsp;jest&nbsp;ona&nbsp;najbardziej&nbsp;wyostrzona.&nbsp;Czas ka\u017cdego wyst\u0105pienia b\u0119dzie skrupulatnie mierzony stoperem.&nbsp;Prezentowany komunikat&nbsp;powinien by\u0107 wci\u0105gaj\u0105cy i emocjonuj\u0105cy!&nbsp;Podczas prezentacji mo\u017cna&nbsp;wspiera\u0107&nbsp;si\u0119&nbsp;wizualizacjami.&nbsp;<br>Je\u015bli czas pozwoli, szans\u0119 na&nbsp;3-minutowe wyst\u0105pienie b\u0119d\u0105 mieli r\u00f3wnie\u017c ch\u0119tni z publiczno\u015bci. Spontaniczny komentarz do prelekcji poprzednika&nbsp;czy&nbsp;do prezentacji lub wnioski z konferencji z pewno\u015bci\u0105 o\u017cywi\u0105&nbsp;sesj\u0119.&nbsp;Zach\u0119camy do&nbsp;wzi\u0119cia&nbsp;udzia\u0142u!&nbsp;<\/p>\n\n\n\n<hr class=\"wp-block-separator has-alpha-channel-opacity\"\/>\n\n\n\n<h3 class=\"wp-block-heading\"><strong>SESJA 1: Open Access i modele publikacyjne<\/strong><\/h3>\n\n\n\n<p><strong>Czy nauka mo\u017ce by\u0107 otwarta dla wszystkich? Organizacja wydarze\u0144 w open access wobec wyklucze\u0144 i niepe\u0142nosprawno\u015bci<\/strong> \u2013 Kinga Kami\u0144ska (O\u015brodek Badawczy Facta Ficta)<\/p>\n\n\n\n<p><strong>Otwarte czy zamkni\u0119te? Przypadek polskich czasopism z bibliotekoznawstwa i informacji naukowej<\/strong> \u2013 Joanna B\u0142asiok (Politechnika Gda\u0144ska)<\/p>\n\n\n\n<p><strong>Skuteczne praktyki pracy z autorem w modelu open access<\/strong> \u2013 Joanna Bro\u0144ka (O\u015brodek Badawczy Facta Ficta)<\/p>\n\n\n\n<p><strong>Biblioteka Uniwersytecka w Toruniu uczestnikiem projektu EODOPEN &#8211; do\u015bwiadczenia upowszechniania otwartego dost\u0119pu do zbior\u00f3w&nbsp;<\/strong>\u2013 Kamila Perlik (Biblioteka Uniwersytecka, Uniwersytet Miko\u0142aja Kopernika w Toruniu)<\/p>\n\n\n\n<div style=\"height:25px\" aria-hidden=\"true\" class=\"wp-block-spacer\"><\/div>\n\n\n\n<h3 class=\"wp-block-heading\"><strong>SESJA 2: Open Research Data<\/strong><\/h3>\n\n\n\n<p><strong>Ambasadorzy otwartej nauki<\/strong> \u2013 Dominika Czy\u017cak (Biblioteka Uniwersytecka, Uniwersytet Miko\u0142aja Kopernika w Toruniu)<\/p>\n\n\n\n<p><strong>Czy sztuczna inteligencja zast\u0105pi data steward\u00f3w?<\/strong> \u2013 Agnieszka Wasilewska (Biblioteka Uniwersytetu Gda\u0144skiego)<\/p>\n\n\n\n<p><strong>Oddajcie mi moje dane! Czyli mi\u0119dzy teori\u0105 a praktyk\u0105 otwierania danych<\/strong> \u2013 Maria Kuczkowska (Uniwersytet im. Adama Mickiewicza w Poznaniu)<\/p>\n\n\n\n<p><strong><strong><strong>ReadMe or not ReadMe \u2013 that is the question<\/strong><\/strong><\/strong> \u2013 Zbigniew Ruszczyk (Biblioteka Uniwersytetu Gda\u0144skiego)<\/p>\n\n\n\n<p><strong>Zarz\u0105dzanie danymi badawczymi na Polskiej Platformie Medycznej Uniwersytetu Medycznego we Wroc\u0142awiu<\/strong> \u2013 Justyna Zawada (Uniwersytet Medyczny im. Piast\u00f3w \u015al\u0105skich we Wroc\u0142awiu)<\/p>\n\n\n\n<div style=\"height:25px\" aria-hidden=\"true\" class=\"wp-block-spacer\"><\/div>\n\n\n\n<h3 class=\"wp-block-heading\"><strong>SESJA 3: Polityki instytucjonalne<\/strong><\/h3>\n\n\n\n<p><strong>Open access w Politechnice \u015al\u0105skiej<\/strong> \u2013 dr hab. Fr\u0105czek Renata (Politechnika \u015al\u0105ska)<\/p>\n\n\n\n<p><strong>Gdzie ko\u0144cz\u0105 si\u0119 dzia\u0142ania pozorowane a zaczyna prawdziwa polityka otwartego dost\u0119pu? Wybrane przyk\u0142ady<\/strong> \u2013 Grzegorz Szczypa (Biblioteka G\u0142\u00f3wna Uniwersytetu Marii Curie-Sk\u0142odowskiej)<\/p>\n\n\n\n<p><strong>Ma\u0142a uczelnia &#8211; du\u017ce problemy. Bariery psychologiczne i technologiczne w rejestracji dorobku publikacyjnego w &#8222;m\u0142odych&#8221; uniwersytetach<\/strong> \u2013 dr Ma\u0142gorzata Ba\u0144kowska (Akademia Kaliska im. Prezydenta Stanis\u0142awa Wojciechowskiego)<\/p>\n\n\n\n<p><strong>Remake czy upgrade? Zmiany w polityce otwarto\u015bci na Politechnice Lubelskiej<\/strong> \u2013 Monika Szarama (Politechnika Lubelska)<\/p>\n\n\n\n<p><strong>Jak otwieramy nauk\u0119 na UEW<\/strong> \u2013 Barbara Grzelczak (Uniwersytet Ekonomiczny we Wroc\u0142awiu)<\/p>\n","protected":false},"excerpt":{"rendered":"<p>Trzy minuty i ani sekundy&nbsp;d\u0142u\u017cej! Taki czas musi&nbsp;wystarczy\u0107, aby zaprezentowa\u0107&nbsp;sw\u00f3j pomys\u0142, wyg\u0142osi\u0107 tez\u0119&nbsp;i&nbsp;poprze\u0107 j\u0105 argumentami czy przedstawi\u0107 prezentacj\u0119 ze slajdami.&nbsp;Zapraszamy&hellip; <\/p>\n","protected":false},"author":1,"featured_media":0,"parent":357,"menu_order":0,"comment_status":"closed","ping_status":"closed","template":"","meta":{"footnotes":""},"class_list":["post-3553","page","type-page","status-publish","hentry"],"_links":{"self":[{"href":"https:\/\/onpp.p.lodz.pl\/index.php?rest_route=\/wp\/v2\/pages\/3553","targetHints":{"allow":["GET"]}}],"collection":[{"href":"https:\/\/onpp.p.lodz.pl\/index.php?rest_route=\/wp\/v2\/pages"}],"about":[{"href":"https:\/\/onpp.p.lodz.pl\/index.php?rest_route=\/wp\/v2\/types\/page"}],"author":[{"embeddable":true,"href":"https:\/\/onpp.p.lodz.pl\/index.php?rest_route=\/wp\/v2\/users\/1"}],"replies":[{"embeddable":true,"href":"https:\/\/onpp.p.lodz.pl\/index.php?rest_route=%2Fwp%2Fv2%2Fcomments&post=3553"}],"version-history":[{"count":10,"href":"https:\/\/onpp.p.lodz.pl\/index.php?rest_route=\/wp\/v2\/pages\/3553\/revisions"}],"predecessor-version":[{"id":3941,"href":"https:\/\/onpp.p.lodz.pl\/index.php?rest_route=\/wp\/v2\/pages\/3553\/revisions\/3941"}],"up":[{"embeddable":true,"href":"https:\/\/onpp.p.lodz.pl\/index.php?rest_route=\/wp\/v2\/pages\/357"}],"wp:attachment":[{"href":"https:\/\/onpp.p.lodz.pl\/index.php?rest_route=%2Fwp%2Fv2%2Fmedia&parent=3553"}],"curies":[{"name":"wp","href":"https:\/\/api.w.org\/{rel}","templated":true}]}}